{"id":49812,"date":"2020-04-06T13:16:40","date_gmt":"2020-04-06T13:16:40","guid":{"rendered":"https:\/\/azurrental.com\/mentions-legales\/"},"modified":"2024-08-18T16:42:30","modified_gmt":"2024-08-18T14:42:30","slug":"mentions-legales","status":"publish","type":"page","link":"https:\/\/azurrental.com\/fr\/mentions-legales\/","title":{"rendered":"Mentions l\u00e9gales"},"content":{"rendered":"<p>[et_pb_section fb_built=\u00a0\u00bb1&Prime; _builder_version=\u00a0\u00bb4.16&Prime; global_colors_info=\u00a0\u00bb{}\u00a0\u00bb][et_pb_row _builder_version=\u00a0\u00bb4.16&Prime; background_size=\u00a0\u00bbinitial\u00a0\u00bb background_position=\u00a0\u00bbtop_left\u00a0\u00bb background_repeat=\u00a0\u00bbrepeat\u00a0\u00bb global_colors_info=\u00a0\u00bb{}\u00a0\u00bb][et_pb_column type=\u00a0\u00bb4_4&Prime; _builder_version=\u00a0\u00bb4.16&Prime; custom_padding=\u00a0\u00bb|||\u00a0\u00bb global_colors_info=\u00a0\u00bb{}\u00a0\u00bb custom_padding__hover=\u00a0\u00bb|||\u00a0\u00bb][et_pb_text _builder_version=\u00a0\u00bb4.23.1&Prime; global_colors_info=\u00a0\u00bb{}\u00a0\u00bb]<\/p>\n<h1>Mentions l\u00e9gales<\/h1>\n<p>[\/et_pb_text][\/et_pb_column][\/et_pb_row][et_pb_row column_structure=\u00a0\u00bb1_3,1_3,1_3&Prime; _builder_version=\u00a0\u00bb4.16&Prime; background_size=\u00a0\u00bbinitial\u00a0\u00bb background_position=\u00a0\u00bbtop_left\u00a0\u00bb background_repeat=\u00a0\u00bbrepeat\u00a0\u00bb global_colors_info=\u00a0\u00bb{}\u00a0\u00bb][et_pb_column type=\u00a0\u00bb1_3&Prime; _builder_version=\u00a0\u00bb4.23.1&Prime; _module_preset=\u00a0\u00bbdefault\u00a0\u00bb global_colors_info=\u00a0\u00bb{}\u00a0\u00bb][\/et_pb_column][et_pb_column type=\u00a0\u00bb1_3&Prime; _builder_version=\u00a0\u00bb4.16&Prime; custom_padding=\u00a0\u00bb|||\u00a0\u00bb global_colors_info=\u00a0\u00bb{}\u00a0\u00bb custom_padding__hover=\u00a0\u00bb|||\u00a0\u00bb][et_pb_text _builder_version=\u00a0\u00bb4.23.1&Prime; global_colors_info=\u00a0\u00bb{}\u00a0\u00bb]<\/p>\n<p>Responsable:<\/p>\n<p>Azurrental<br \/>Vera Birgel<br \/>Agent immobilier (IHK)<br \/>Office Park, 1er \u00e9tage<br \/>Quarzstr. 4<br \/>D- 51371 Leverkusen<\/p>\n<p>Contact:<\/p>\n<p>T\u00e9l. : +49\/1578-62 41 41 41 ou +49\/221-16 84 53 65<\/p>\n<p>E-Mail : info@azurrental.com<\/p>\n<p>TVA ID: DE 284918692<\/p>\n<p>Autorit\u00e9 de surveillance : Ville de Cologne<br \/>Autorisation d&rsquo;exercer conform\u00e9ment au \u00a7 34 c al.1 GewO a \u00e9t\u00e9 accord\u00e9e par le Bureau de l\u2019ordre public, Cologne<\/p>\n<p>Coordonn\u00e9es bancaires :<br \/>Commerzbank\u00a0<br \/>IBAN : DE20 3704 0044 0213 7198 00<br \/>BIC : COBA DE FF XXX<\/p>\n<p>[\/et_pb_text][\/et_pb_column][et_pb_column type=\u00a0\u00bb1_3&Prime; _builder_version=\u00a0\u00bb4.16&Prime; custom_padding=\u00a0\u00bb|||\u00a0\u00bb global_colors_info=\u00a0\u00bb{}\u00a0\u00bb custom_padding__hover=\u00a0\u00bb|||\u00a0\u00bb][\/et_pb_column][\/et_pb_row][\/et_pb_section]<\/p>\n","protected":false},"excerpt":{"rendered":"<p>Mentions l\u00e9galesResponsable: AzurrentalVera BirgelAgent immobilier (IHK)Office Park, 1er \u00e9tageQuarzstr. 4D- 51371 Leverkusen Contact: T\u00e9l. : +49\/1578-62 41 41 41 ou +49\/221-16 84 53 65 E-Mail : info@azurrental.com TVA ID: DE 284918692 Autorit\u00e9 de surveillance : Ville de CologneAutorisation d&rsquo;exercer conform\u00e9ment au \u00a7 34 c al.1 GewO a \u00e9t\u00e9 accord\u00e9e par le Bureau de l\u2019ordre public, [&hellip;]<\/p>\n","protected":false},"author":1,"featured_media":0,"parent":0,"menu_order":0,"comment_status":"closed","ping_status":"closed","template":"","meta":{"_acf_changed":false,"_et_pb_use_builder":"on","_et_pb_old_content":"","_et_gb_content_width":"","inline_featured_image":false,"footnotes":""},"class_list":["post-49812","page","type-page","status-publish","hentry"],"acf":[],"yoast_head":"<!-- This site is optimized with the Yoast SEO plugin v21.6 - https:\/\/yoast.com\/wordpress\/plugins\/seo\/ -->\n<title>Mentions l\u00e9gales - Azurrental<\/title>\n<meta name=\"robots\" content=\"index, follow, max-snippet:-1, max-image-preview:large, max-video-preview:-1\" \/>\n<link rel=\"canonical\" href=\"https:\/\/azurrental.com\/fr\/mentions-legales\/\" \/>\n<meta property=\"og:locale\" content=\"fr_FR\" \/>\n<meta property=\"og:type\" content=\"article\" \/>\n<meta property=\"og:title\" content=\"Mentions l\u00e9gales - Azurrental\" \/>\n<meta property=\"og:description\" content=\"Mentions l\u00e9galesResponsable: AzurrentalVera BirgelAgent immobilier (IHK)Office Park, 1er \u00e9tageQuarzstr. 4D- 51371 Leverkusen Contact: T\u00e9l. : +49\/1578-62 41 41 41 ou +49\/221-16 84 53 65 E-Mail : info@azurrental.com TVA ID: DE 284918692 Autorit\u00e9 de surveillance : Ville de CologneAutorisation d&#039;exercer conform\u00e9ment au \u00a7 34 c al.1 GewO a \u00e9t\u00e9 accord\u00e9e par le Bureau de l\u2019ordre public, [&hellip;]\" \/>\n<meta property=\"og:url\" content=\"https:\/\/azurrental.com\/fr\/mentions-legales\/\" \/>\n<meta property=\"og:site_name\" content=\"Azurrental\" \/>\n<meta property=\"article:publisher\" content=\"https:\/\/www.facebook.com\/azurrentalcom\" \/>\n<meta property=\"article:modified_time\" content=\"2024-08-18T14:42:30+00:00\" \/>\n<meta name=\"twitter:card\" content=\"summary_large_image\" \/>\n<meta name=\"twitter:label1\" content=\"Dur\u00e9e de lecture estim\u00e9e\" \/>\n\t<meta name=\"twitter:data1\" content=\"1 minute\" \/>\n<script type=\"application\/ld+json\" class=\"yoast-schema-graph\">{\"@context\":\"https:\/\/schema.org\",\"@graph\":[{\"@type\":\"WebPage\",\"@id\":\"https:\/\/azurrental.com\/fr\/mentions-legales\/\",\"url\":\"https:\/\/azurrental.com\/fr\/mentions-legales\/\",\"name\":\"Mentions l\u00e9gales - Azurrental\",\"isPartOf\":{\"@id\":\"https:\/\/azurrental.com\/#website\"},\"datePublished\":\"2020-04-06T13:16:40+00:00\",\"dateModified\":\"2024-08-18T14:42:30+00:00\",\"breadcrumb\":{\"@id\":\"https:\/\/azurrental.com\/fr\/mentions-legales\/#breadcrumb\"},\"inLanguage\":\"fr-FR\",\"potentialAction\":[{\"@type\":\"ReadAction\",\"target\":[\"https:\/\/azurrental.com\/fr\/mentions-legales\/\"]}]},{\"@type\":\"BreadcrumbList\",\"@id\":\"https:\/\/azurrental.com\/fr\/mentions-legales\/#breadcrumb\",\"itemListElement\":[{\"@type\":\"ListItem\",\"position\":1,\"name\":\"Startseite\",\"item\":\"https:\/\/azurrental.com\/fr\/\"},{\"@type\":\"ListItem\",\"position\":2,\"name\":\"Mentions l\u00e9gales\"}]},{\"@type\":\"WebSite\",\"@id\":\"https:\/\/azurrental.com\/#website\",\"url\":\"https:\/\/azurrental.com\/\",\"name\":\"Azurrental\",\"description\":\"Ambiance \u00e9l\u00e9gante et luxueuse pour des vacances reposantes dans le golfe de St. Tropez\",\"publisher\":{\"@id\":\"https:\/\/azurrental.com\/#organization\"},\"potentialAction\":[{\"@type\":\"SearchAction\",\"target\":{\"@type\":\"EntryPoint\",\"urlTemplate\":\"https:\/\/azurrental.com\/?s={search_term_string}\"},\"query-input\":\"required name=search_term_string\"}],\"inLanguage\":\"fr-FR\"},{\"@type\":\"Organization\",\"@id\":\"https:\/\/azurrental.com\/#organization\",\"name\":\"Azurrental\",\"url\":\"https:\/\/azurrental.com\/\",\"logo\":{\"@type\":\"ImageObject\",\"inLanguage\":\"fr-FR\",\"@id\":\"https:\/\/azurrental.com\/#\/schema\/logo\/image\/\",\"url\":\"https:\/\/azurrental.com\/wp-content\/uploads\/2018\/12\/Azurrental_logo-1.svg\",\"contentUrl\":\"https:\/\/azurrental.com\/wp-content\/uploads\/2018\/12\/Azurrental_logo-1.svg\",\"width\":1,\"height\":1,\"caption\":\"Azurrental\"},\"image\":{\"@id\":\"https:\/\/azurrental.com\/#\/schema\/logo\/image\/\"},\"sameAs\":[\"https:\/\/www.facebook.com\/azurrentalcom\",\"https:\/\/www.instagram.com\/azurrental\/\"]}]}<\/script>\n<!-- \/ Yoast SEO plugin. -->","yoast_head_json":{"title":"Mentions l\u00e9gales - Azurrental","robots":{"index":"index","follow":"follow","max-snippet":"max-snippet:-1","max-image-preview":"max-image-preview:large","max-video-preview":"max-video-preview:-1"},"canonical":"https:\/\/azurrental.com\/fr\/mentions-legales\/","og_locale":"fr_FR","og_type":"article","og_title":"Mentions l\u00e9gales - Azurrental","og_description":"Mentions l\u00e9galesResponsable: AzurrentalVera BirgelAgent immobilier (IHK)Office Park, 1er \u00e9tageQuarzstr. 4D- 51371 Leverkusen Contact: T\u00e9l. : +49\/1578-62 41 41 41 ou +49\/221-16 84 53 65 E-Mail : info@azurrental.com TVA ID: DE 284918692 Autorit\u00e9 de surveillance : Ville de CologneAutorisation d'exercer conform\u00e9ment au \u00a7 34 c al.1 GewO a \u00e9t\u00e9 accord\u00e9e par le Bureau de l\u2019ordre public, [&hellip;]","og_url":"https:\/\/azurrental.com\/fr\/mentions-legales\/","og_site_name":"Azurrental","article_publisher":"https:\/\/www.facebook.com\/azurrentalcom","article_modified_time":"2024-08-18T14:42:30+00:00","twitter_card":"summary_large_image","twitter_misc":{"Dur\u00e9e de lecture estim\u00e9e":"1 minute"},"schema":{"@context":"https:\/\/schema.org","@graph":[{"@type":"WebPage","@id":"https:\/\/azurrental.com\/fr\/mentions-legales\/","url":"https:\/\/azurrental.com\/fr\/mentions-legales\/","name":"Mentions l\u00e9gales - Azurrental","isPartOf":{"@id":"https:\/\/azurrental.com\/#website"},"datePublished":"2020-04-06T13:16:40+00:00","dateModified":"2024-08-18T14:42:30+00:00","breadcrumb":{"@id":"https:\/\/azurrental.com\/fr\/mentions-legales\/#breadcrumb"},"inLanguage":"fr-FR","potentialAction":[{"@type":"ReadAction","target":["https:\/\/azurrental.com\/fr\/mentions-legales\/"]}]},{"@type":"BreadcrumbList","@id":"https:\/\/azurrental.com\/fr\/mentions-legales\/#breadcrumb","itemListElement":[{"@type":"ListItem","position":1,"name":"Startseite","item":"https:\/\/azurrental.com\/fr\/"},{"@type":"ListItem","position":2,"name":"Mentions l\u00e9gales"}]},{"@type":"WebSite","@id":"https:\/\/azurrental.com\/#website","url":"https:\/\/azurrental.com\/","name":"Azurrental","description":"Ambiance \u00e9l\u00e9gante et luxueuse pour des vacances reposantes dans le golfe de St. Tropez","publisher":{"@id":"https:\/\/azurrental.com\/#organization"},"potentialAction":[{"@type":"SearchAction","target":{"@type":"EntryPoint","urlTemplate":"https:\/\/azurrental.com\/?s={search_term_string}"},"query-input":"required name=search_term_string"}],"inLanguage":"fr-FR"},{"@type":"Organization","@id":"https:\/\/azurrental.com\/#organization","name":"Azurrental","url":"https:\/\/azurrental.com\/","logo":{"@type":"ImageObject","inLanguage":"fr-FR","@id":"https:\/\/azurrental.com\/#\/schema\/logo\/image\/","url":"https:\/\/azurrental.com\/wp-content\/uploads\/2018\/12\/Azurrental_logo-1.svg","contentUrl":"https:\/\/azurrental.com\/wp-content\/uploads\/2018\/12\/Azurrental_logo-1.svg","width":1,"height":1,"caption":"Azurrental"},"image":{"@id":"https:\/\/azurrental.com\/#\/schema\/logo\/image\/"},"sameAs":["https:\/\/www.facebook.com\/azurrentalcom","https:\/\/www.instagram.com\/azurrental\/"]}]}},"_links":{"self":[{"href":"https:\/\/azurrental.com\/fr\/wp-json\/wp\/v2\/pages\/49812","targetHints":{"allow":["GET"]}}],"collection":[{"href":"https:\/\/azurrental.com\/fr\/wp-json\/wp\/v2\/pages"}],"about":[{"href":"https:\/\/azurrental.com\/fr\/wp-json\/wp\/v2\/types\/page"}],"author":[{"embeddable":true,"href":"https:\/\/azurrental.com\/fr\/wp-json\/wp\/v2\/users\/1"}],"replies":[{"embeddable":true,"href":"https:\/\/azurrental.com\/fr\/wp-json\/wp\/v2\/comments?post=49812"}],"version-history":[{"count":10,"href":"https:\/\/azurrental.com\/fr\/wp-json\/wp\/v2\/pages\/49812\/revisions"}],"predecessor-version":[{"id":83710,"href":"https:\/\/azurrental.com\/fr\/wp-json\/wp\/v2\/pages\/49812\/revisions\/83710"}],"wp:attachment":[{"href":"https:\/\/azurrental.com\/fr\/wp-json\/wp\/v2\/media?parent=49812"}],"curies":[{"name":"wp","href":"https:\/\/api.w.org\/{rel}","templated":true}]}}

Mentions légales

<p>[et_pb_section fb_built= »1&Prime; _builder_version= »4.16&Prime; global_colors_info= »{} »][et_pb_row _builder_version= »4.16&Prime; background_size= »initial » background_position= »top_left » background_repeat= »repeat » global_colors_info= »{} »][et_pb_column type= »4_4&Prime; _builder_version= »4.16&Prime; custom_padding= »||| » global_colors_info= »{} » custom_padding__hover= »||| »][et_pb_text _builder_version= »4.23.1&Prime; global_colors_info= »{} »]</p>
<h1>Mentions légales</h1>
<p>[/et_pb_text][/et_pb_column][/et_pb_row][et_pb_row column_structure= »1_3,1_3,1_3&Prime; _builder_version= »4.16&Prime; background_size= »initial » background_position= »top_left » background_repeat= »repeat » global_colors_info= »{} »][et_pb_column type= »1_3&Prime; _builder_version= »4.23.1&Prime; _module_preset= »default » global_colors_info= »{} »][/et_pb_column][et_pb_column type= »1_3&Prime; _builder_version= »4.16&Prime; custom_padding= »||| » global_colors_info= »{} » custom_padding__hover= »||| »][et_pb_text _builder_version= »4.23.1&Prime; global_colors_info= »{} »]</p>
<p>Responsable:</p>
<p>Azurrental<br />Vera Birgel<br />Agent immobilier (IHK)<br />Office Park, 1er étage<br />Quarzstr. 4<br />D- 51371 Leverkusen</p>
<p>Contact:</p>
<p>Tél. : +49/1578-62 41 41 41 ou +49/221-16 84 53 65</p>
<p>E-Mail : info@azurrental.com</p>
<p>TVA ID: DE 284918692</p>
<p>Autorité de surveillance : Ville de Cologne<br />Autorisation d&rsquo;exercer conformément au § 34 c al.1 GewO a été accordée par le Bureau de l’ordre public, Cologne</p>
<p>Coordonnées bancaires :<br />Commerzbank <br />IBAN : DE20 3704 0044 0213 7198 00<br />BIC : COBA DE FF XXX</p>
<p>[/et_pb_text][/et_pb_column][et_pb_column type= »1_3&Prime; _builder_version= »4.16&Prime; custom_padding= »||| » global_colors_info= »{} » custom_padding__hover= »||| »][/et_pb_column][/et_pb_row][/et_pb_section]</p>

<p>Mentions légalesResponsable: AzurrentalVera BirgelAgent immobilier (IHK)Office Park, 1er étageQuarzstr. 4D- 51371 Leverkusen Contact: Tél. : +49/1578-62 41 41 41 ou +49/221-16 84 53 65 E-Mail : info@azurrental.com TVA ID: DE 284918692 Autorité de surveillance : Ville de CologneAutorisation d&rsquo;exercer conformément au § 34 c al.1 GewO a été accordée par le Bureau de l’ordre public, [&hellip;]</p>

<!-- This site is optimized with the Yoast SEO plugin v21.6 - https://yoast.com/wordpress/plugins/seo/ -->
<title>Mentions légales - Azurrental</title>
<meta name="robots" content="index, follow, max-snippet:-1, max-image-preview:large, max-video-preview:-1" />
<link rel="canonical" href="https://azurrental.com/fr/mentions-legales/" />
<meta property="og:locale" content="fr_FR" />
<meta property="og:type" content="article" />
<meta property="og:title" content="Mentions légales - Azurrental" />
<meta property="og:description" content="Mentions légalesResponsable: AzurrentalVera BirgelAgent immobilier (IHK)Office Park, 1er étageQuarzstr. 4D- 51371 Leverkusen Contact: Tél. : +49/1578-62 41 41 41 ou +49/221-16 84 53 65 E-Mail : info@azurrental.com TVA ID: DE 284918692 Autorité de surveillance : Ville de CologneAutorisation d&#039;exercer conformément au § 34 c al.1 GewO a été accordée par le Bureau de l’ordre public, [&hellip;]" />
<meta property="og:url" content="https://azurrental.com/fr/mentions-legales/" />
<meta property="og:site_name" content="Azurrental" />
<meta property="article:publisher" content="https://www.facebook.com/azurrentalcom" />
<meta property="article:modified_time" content="2024-08-18T14:42:30+00:00" />
<meta name="twitter:card" content="summary_large_image" />
<meta name="twitter:label1" content="Durée de lecture estimée" />
	<meta name="twitter:data1" content="1 minute" />
<script type="application/ld+json" class="yoast-schema-graph">{"@context":"https://schema.org","@graph":[{"@type":"WebPage","@id":"https://azurrental.com/fr/mentions-legales/","url":"https://azurrental.com/fr/mentions-legales/","name":"Mentions légales - Azurrental","isPartOf":{"@id":"https://azurrental.com/#website"},"datePublished":"2020-04-06T13:16:40+00:00","dateModified":"2024-08-18T14:42:30+00:00","breadcrumb":{"@id":"https://azurrental.com/fr/mentions-legales/#breadcrumb"},"inLanguage":"fr-FR","potentialAction":[{"@type":"ReadAction","target":["https://azurrental.com/fr/mentions-legales/"]}]},{"@type":"BreadcrumbList","@id":"https://azurrental.com/fr/mentions-legales/#breadcrumb","itemListElement":[{"@type":"ListItem","position":1,"name":"Startseite","item":"https://azurrental.com/fr/"},{"@type":"ListItem","position":2,"name":"Mentions légales"}]},{"@type":"WebSite","@id":"https://azurrental.com/#website","url":"https://azurrental.com/","name":"Azurrental","description":"Ambiance élégante et luxueuse pour des vacances reposantes dans le golfe de St. Tropez","publisher":{"@id":"https://azurrental.com/#organization"},"potentialAction":[{"@type":"SearchAction","target":{"@type":"EntryPoint","urlTemplate":"https://azurrental.com/?s={search_term_string}"},"query-input":"required name=search_term_string"}],"inLanguage":"fr-FR"},{"@type":"Organization","@id":"https://azurrental.com/#organization","name":"Azurrental","url":"https://azurrental.com/","logo":{"@type":"ImageObject","inLanguage":"fr-FR","@id":"https://azurrental.com/#/schema/logo/image/","url":"https://azurrental.com/wp-content/uploads/2018/12/Azurrental_logo-1.svg","contentUrl":"https://azurrental.com/wp-content/uploads/2018/12/Azurrental_logo-1.svg","width":1,"height":1,"caption":"Azurrental"},"image":{"@id":"https://azurrental.com/#/schema/logo/image/"},"sameAs":["https://www.facebook.com/azurrentalcom","https://www.instagram.com/azurrental/"]}]}</script>
<!-- / Yoast SEO plugin. -->

Mentions légales - Azurrental

Mentions légalesResponsable: AzurrentalVera BirgelAgent immobilier (IHK)Office Park, 1er étageQuarzstr. 4D- 51371 Leverkusen Contact: Tél. : +49/1578-62 41 41 41 ou +49/221-16 84 53 65 E-Mail : info@azurrental.com TVA ID: DE 284918692 Autorité de surveillance : Ville de CologneAutorisation d'exercer conformément au § 34 c al.1 GewO a été accordée par le Bureau de l’ordre public, [&hellip;]

Ambiance élégante et luxueuse pour des vacances reposantes dans le golfe de St. Tropez
